2 - 3*n - 9. What is the remainder when 187 is divided by l(-4)?
53
Suppose -5*g = 3*i - 1529, 3*i + 1541 = -g + 6*g. Suppose -3*w + 4*p = -g, 2*p + p + 3 = 0. What is the remainder when w is divided by 26?
23
Suppose -3*k = 29 + 16. Let l = -20 - k. Let t = 36 + l. What is the remainder when t is divided by 17?
14
Let m(r) = -2*r**3 + 3*r - 1. What is the remainder when m(-3) is divided by 9?
8
Let d = -4793 - -4876. Suppose -5*u - 19 = -129. What is the remainder when d is divided by u?
17
Let a(n) = 25*n**2 + 4*n - 4. Suppose 14 - 10 = 2*w. What is the remainder when a(w) is divided by 15?
14
Let x(k) = -k**3 + 6*k**2 + 9*k. Let g = 14 + -7. What is the remainder when (2 + -3)/(1/(-54)) is divided by x(g)?
12
Let a(c) = 4*c - 7 - 8*c + 2*c. Let m be a(-5). Suppose -3*i = -t + i - 11, 2*t - 33 = -m*i. Calculate the remainder when t is divided by 3.
0
Suppose 8*i = 12*i. Suppose i = 5*x + 5*b - 40 - 95, x - 22 = -2*b. What is the remainder when x is divided by 9?
5
Suppose -5*f + 4*d = -90, -3*f - 6 = -2*f + 4*d. What is the remainder when 23 is divided by f?
9
Let z(n) = -17*n + 1. Let y be z(2). Let i = 0 + -46. Let f = y - i. What is the remainder when 37 is divided by f?
11
Let z(m) = -7*m - 21. Let w be (-4)/((-4)/(-5))*(-4)/(-5). Calculate the remainder when z(w) is divided by 4.
3
Calculate the remainder when 230 is divided by ((-40)/140)/((-4)/182).
9
Let n(i) = 0*i**2 - 1 - 13*i**2 - 2 - i**3 + 10. What is the remainder when 34 is divided by n(-13)?
6
Let t(h) = 23*h + 313. Calculate the remainder when 258 is divided by t(-12).
36
Let u(q) = q**3 - 55*q**2 - 112*q - 86. Calculate the remainder when 32 is divided by u(57).
4
Let k be ((-356)/80 - (-1)/4)*5. Calculate the remainder when 123 is divided by (-2072)/(-49) + -1 + (-15)/k.
39
Suppose 72 = 3*f - 36. Let b = f - 21. Let a(g) = -g**2 - 3*g + 130. Calculate the remainder when a(-11) is divided by b.
12
Let f = 25248 - 25237. Calculate the remainder when 5/((-2)/(-8) + 0) is divided by f.
9
Suppose -3722 = -22*v + 4858. What is the remainder when v is divided by 17?
16
Let q = 65 - 63. Suppose -j - 4*j = -q*m - 12, 2*j + m = 12. What is the remainder when 15 is divided by j?
3
Suppose -d = -26 - 39. Let m = 19 + d. What is the remainder when m is divided by 43?
41
Let i = -957 + 1158. What is the remainder when i is divided by 53?
42
Suppose 40 = 5*h + b, 0 = 2*b + 5 - 15. Calculate the remainder when h is divided by (30/(-45))/(4/(-18)).
1
Suppose 3*s - 58 = 23. Suppose 2 - s = -5*o. Let n(c) = c**3 - 3*c**2 + 4*c - 4. Calculate the remainder when n(3) is divided by o.
3
Calculate the remainder when 135 is divided by (-3)/5 + (-10752)/(-320).
3
Calculate the remainder when (1/5)/(-1 - (-2376)/2365) is divided by 26.
17
Let a = 25 + 44. Let l be -3 - (0/3 - a). Suppose 4*u = 5*c - l, -4*c + 13 = -u - 42. Calculate the remainder when 26 is divided by c.
12
Let f(h) = -h**3 + 9*h**2 + h - 2. Let t = -127 - -67. Let v = -39 - t. Calculate the remainder when f(4) is divided by v.
19
Let w = -15 - -15. Suppose -30 = 2*q - 6*q + 2*y, w = -q - y + 15. Calculate the remainder when 47 is divided by q.
7
Suppose -w + 27*w - 1066 = 0. Calculate the remainder when 71 is divided by w.
30
Let w be (-7)/(-4) + -1 + 441/4. Suppose 5*l - m = 102, -w = -4*l + 3*m - 36. Let v = -11 - -18. Calculate the remainder when l is divided by v.
0
Suppose k = -2*k + 147. Let u = k + -26. Calculate the remainder when 160 is divided by u.
22
Let d(n) = 2*n**2 - 5*n + 2. Let r be d(3). Suppose -48 = -b + r*f, -4*b - 3*f = -2*b - 109. Calculate the remainder when b is divided by 19.
15
Suppose -100*u + 1495 + 1505 = 0. What is the remainder when 1677 is divided by u?
27
Let f be (-11)/22*(-1 - -1). Suppose f = j + 2*l + 6, -3*j = -3*l + 5*l + 2. Suppose -j*a + 19 = -5. Calculate the remainder when 47 is divided by a.
11
Let a(k) = 2*k - 29. Let y be a(16). Suppose 1 = -y*m + 34. Calculate the remainder when 53 is divided by m.
9
Suppose -z + 5 = -35. Let w = 69 - z. What is the remainder when 114 is divided by w?
27
Suppose -5*a + 2 + 8 = 0. Suppose 4*w - 5*m = 6*w, 5*w - 58 = a*m. Let o = 61 - 33. What is the remainder when o is divided by w?
8
Suppose -288 = -29*o + 20*o. Suppose -4*b + 3*s = -257, -40 = -3*b - 5*s + 189. Suppose 0 = -2*p - 2*p + b. What is the remainder when o is divided by p?
15
Suppose 0 = -3*a - 0*c + c + 338, 2*c = 2*a - 228. Let o = 12 + a. What is the remainder when o is divided by 33?
25
Let c = 13 + -7. Let m be (-160)/(-88) - ((-9)/(-11) + -1). Suppose m*f - 25 = -n, -f - 45 = -3*n + n. Calculate the remainder when n is divided by c.
5
Let z(c) = -18*c - 186. What is the remainder when 64 is divided by z(-11)?
4
Let y(j) be the first derivative of j**2 + 21*j - 29. Suppose 0 = -u - u + 78. What is the remainder when u is divided by y(0)?
18
Let h(w) = w**2 - 4. Let m be h(-3). Suppose -o + 32 = -4*i + 5, -i = m*o - 114. Suppose 4*g - 44 = 8. Calculate the remainder when o is divided by g.
10
Let l(t) be the third derivative of -t**6/120 + 5*t**4/24 + t**3/3 - 7*t**2. Let p be l(-3). Suppose y + 4 = p. What is the remainder when 38 is divided by y?
8
Let v = -15 - -16. Calculate the remainder when 119 + (6 - 2)/(-3 + v) is divided by 17.
15
Let d(q) = -3*q**2 + q + 2. Let g be d(-1). Let a(r) be the first derivative of 4*r**3/3 - 3*r**2/2 - 3*r - 3. What is the remainder when a(g) is divided by 10?
9
Suppose -4*c - u = -2*u - 1180, -5*c + 3*u = -1482. Let o = c + -209. What is the remainder when o + -10 + (-2 - 0) is divided by 19?
16
Let t(o) = -17*o**3 + 2*o + 2. Let k be t(-1). Let y = k + 87. What is the remainder when y is divided by 35?
34
Let x = -47 - -72. Suppose 38 = d + x. What is the remainder when 48 is divided by d?
9
Suppose 3*w = -7*w. Suppose 0 = 3*y + d - 43, w = 4*y - 3*d - 2*d - 51. Let b(o) = -o**3 - 6*o**2 + 5. What is the remainder when y is divided by b(-6)?
4
Let a = 0 - -10. Suppose -3*m - a = -4*m. Calculate the remainder when m is divided by 7.
3
Suppose -w = -1, 2*w = -m - 0*m + 62. What is the remainder when m is divided by 13?
8
Let m(x) be the second derivative of -x**3/3 + 4*x**2 - 60*x. Suppose 2*k = 6*k. Calculate the remainder when 14 is divided by m(k).
6
Let y be 9/3*32/12. Let x = 38 - y. Suppose 0 = 3*b + 7 - 40. What is the remainder when x is divided by b?
8
Suppose 0*d = 3*z + 4*d - 3812, 0 = 4*z - 4*d - 5092. Suppose -o - 3*v + 320 = 0, 2*o = -2*o - 4*v + z. Calculate the remainder when o is divided by 53.
52
Suppose 9*u + 7*u - 80 = 0. Suppose b + 155 = u*d, d + 3*b - 10 = -b. Calculate the remainder when d is divided by 10.
0
Let f(s) = s**2 - 31. Calculate the remainder when 105 is divided by f(-7).
15
Let k(z) = z + 12. Let a be k(14). Calculate the remainder when 3393/a - (-2)/4 is divided by 33.
32
Let l(z) = z + 7. Let d be l(-8). Let t be 0/(3 + 0)*d. Suppose 50 = -t*x + 2*x. What is the remainder when x is divided by 7?
4
Let l = -130 + 192. Calculate the remainder when 251 is divided by l.
3
Let r(i) = -2*i - 3. Let q be 9/6*(-32)/6. What is the remainder when (-1 - 10/(-6)) + 896/24 is divided by r(q)?
12
Let u(k) = 3*k**2 + 6*k - 7. Let n be u(-4). Suppose -7*j = -8*j + n. Calculate the remainder when 65 is divided by j.
14
Calculate the remainder when 815 is divided by ((-165)/(-4) + -3)*104/78.
50
Suppose 0 = -2*y + 5*y. Suppose 3*q - 4*q + 3 = y. What is the remainder when 95/20*(1 + q) is divided by 11?
8
Suppose -3*w = -3*v - 5*w + 75, -3*w - 75 = -3*v. What is the remainder when v is divided by 17?
8
Let y = -136 + 198. Let u = 89 - y. Calculate the remainder when u is divided by 17.
10
Suppose 0 = -0*o - 2*o - 3*z + 20, -24 = -4*o + 2*z. Calculate the remainder when 24 is divided by o.
3
Let j = -669 - -673. What is the remainder when 5 is divided by j?
1
Suppose 0 = x + 1 - 163. Let n = x - 114. What is the remainder when n is divided by 13?
9
Calculate the remainder when 387 is divided by (49/(735/72))/(3/50).
67
Let k = -50 + 73. Suppose 5*u = 215 + 120. Calculate the remainder when u is divided by k.
21
Let d(m) = 3*m + 55. What is the remainder when 89 is divided by d(-7)?
21
Suppose -4*s + 12 + 28 = -2*k, -4*s = -3*k - 42. Let b(m) = -m**2 + 11*m - 12. Suppose 2*y - 19 = 23. What is the remainder when y is divid